housands digit of 422799581?
9
What is the thousands digit of 387953833?
3
What is the ten thousands digit of 4997237769?
3
What is the millions digit of 209459754?
9
What is the tens digit of 10784717?
1
What is the thousands digit of 446495988?
5
What is the ten thousands digit of 5118265975?
6
What is the units digit of 94048184?
4
What is the thousands digit of 84728522?
8
What is the ten thousands digit of 291764586?
6
What is the hundreds digit of 1252021991?
9
What is the hundred thousands digit of 88837124?
8
What is the ten millions digit of 76668509?
7
What is the hundreds digit of 203888605?
6
What is the thousands digit of 217058648?
8
What is the ten millions digit of 72345949?
7
What is the units digit of 76803670?
0
What is the hundred thousands digit of 2741555960?
5
What is the units digit of 355261025?
5
What is the hundreds digit of 98808221?
2
What is the millions digit of 3949869687?
9
What is the ten thousands digit of 704242562?
4
What is the thousands digit of 96092053?
2
What is the hundreds digit of 23651745?
7
What is the thousands digit of 15684348?
4
What is the ten thousands digit of 306799267?
9
What is the tens digit of 73628760?
6
What is the hundred thousands digit of 398834394?
8
What is the millions digit of 1934706681?
4
What is the thousands digit of 3892071782?
1
What is the hundreds digit of 1523676367?
3
What is the tens digit of 238682122?
2
What is the ten thousands digit of 1018123708?
2
What is the hundred thousands digit of 320009638?
0
What is the ten thousands digit of 2310716318?
1
What is the hundred thousands digit of 408306311?
3
What is the billions digit of 2692367251?
2
What is the tens digit of 45673934?
3
What is the tens digit of 5789977726?
2
What is the ten thousands digit of 15729545?
2
What is the tens digit of 696667529?
2
What is the thousands digit of 2489032366?
2
What is the hundreds digit of 246407888?
8
What is the hundred thousands digit of 47385559?
3
What is the millions digit of 43085577?
3
What is the hundred thousands digit of 252198530?
1
What is the ten millions digit of 145350457?
4
What is the thousands digit of 9855684687?
4
What is the hundred thousands digit of 123451213?
4
What is the thousands digit of 694724592?
4
What is the millions digit of 270160389?
0
What is the ten millions digit of 187402099?
8
What is the units digit of 191641530?
0
What is the ten thousands digit of 1478346797?
4
What is the hundred millions digit of 102120798?
1
What is the hundreds digit of 64701905?
9
What is the hundred millions digit of 1025442565?
0
What is the millions digit of 31491681?
1
What is the tens digit of 65576193?
9
What is the thousands digit of 5795073643?
3
What is the millions digit of 2704107772?
4
What is the ten thousands digit of 861240662?
4
What is the hundred thousands digit of 139866274?
8
What is the units digit of 1693913549?
9
What is the hundred thousands digit of 39184656?
1
What is the thousands digit of 1447797123?
7
What is the tens digit of 53834819?
1
What is the tens digit of 594337822?
2
What is the units digit of 136713236?
6
What is the hundred thousands digit of 1351154285?
1
What is the ten thousands digit of 858418614?
1
What is the units digit of 3685078822?
2
What is the millions digit of 10620642?
0
What is the ten thousands digit of 6849918302?
1
What is the ten millions digit of 45254168?
4
What is the billions digit of 1249148461?
1
What is the tens digit of 3203314664?
6
What is the hundreds digit of 172674497?
4
What is the ten millions digit of 75848146?
7
What is the tens digit of 476323016?
1
What is the units digit of 61708144?
4
What is the units digit of 7791312064?
4
What is the hundreds digit of 17942955?
9
What is the tens digit of 808826777?
7
What is the hundreds digit of 1012238799?
7
What is the hundreds digit of 59093260?
2
What is the ten thousands digit of 199637033?
3
What is the hundreds digit of 545979998?
9
What is the units digit of 89964095?
5
What is the ten thousands digit of 4141949?
4
What is the ten thousands digit of 62178047?
7
What is the hundreds digit of 1843494859?
8
What is the ten millions digit of 470511296?
7
What is the millions digit of 22705753?
2
What is the hundreds digit of 375011575?
5
What is the hundred thousands digit of 65150119?
1
What is the thousands digit of 2028838208?
8
What is the millions digit of 262785788?
2
What is the tens digit of 54684312?
1
What is the hundreds digit of 72027389?
3
What is the units digit of 2342291712?
2
What is the billions digit of 2407459520?
2
What is the units digit of 185025758?
8
What is the thousands digit of 84397476?
7
What is the ten millions digit of 550925396?
5
What is the tens digit of 4281068?
6
What is the ten thousands digit of 368348226?
4
What is the hundred millions digit of 242009238?
2
What is the hundred thousands digit of 1368893219?
8
What is the tens digit of 21012530?
3
What is the ten millions digit of 647509963?
4
What is the tens digit of 800160465?
6
What is the millions digit of 62822172?
2
What is the ten thousands digit of 44472637?
7
What is the ten thousands digit of 2103101813?
0
What is the tens digit of 484469650?
5
What is the millions digit of 968053960?
8
What is the millions digit of 869637320?
9
What is the tens digit of 530673126?
2
What is the units digit of 1632668684?
4
What is the tens digit of 1728861004?
0
What is the tens digit of 76119176?
7
What is the ten thousands digit of 73432887?
3
What is the hundred thousands digit of 3696322243?
3
What is the hundreds digit of 5109223044?
0
What is the units digit of 420656605?
5
What is the hundreds digit of 130866530?
5
What is the hundreds digit of 40504160?
1
What is the hundred millions digit of 238673497?
2
What is the tens digit of 427697273?
7
What is the units digit of 1634971626?
6
What is the thousands digit of 1771122699?
2
What is the thousands digit of 1720676188?
6
What is the thousands digit of 463902609?
2
What is the thousands digit of 57967357?
7
What is the hundred millions digit of 4626552234?
6
What is the units digit of 283064448?
8
What is the hundred thousands digit of 2542930351?
9
What is the millions digit of 2093546343?
3
What is the tens digit of 630649?
4
What is the ten thousands digit of 235693281?
9
What is the ten thousands digit of 193774535?
7
What is the ten millions digit of 1547718594?
4
What is the billions digit of 5327639781?
5
What is the tens digit of 1007956330?
3
What is the hundred thousands digit of 50491436?
4
What is the millions digit of 27625316?
7
What is the units digit of 184735759?
9
What is the thousands digit of 48533328?
3
What is the tens digit of 6144709?
0
What is the hundred thousands digit of 3800685949?
6
What is the thousands digit of 76523480?
3
What is the hundred millions digit of 168992094?
1
What is the hundred millions digit of 238666475?
2
What is the hundred millions digit of 6772694138?
7
What is the thousands digit of 34060533?
0
What is the hundred millions digit of 3095490125?
0
What is the ten millions digit of 1150731063?
5
What is the hundreds digit of 258812399?
3
What is the ten thousands digit of 46666568?
6
What is the ten millions digit of 2111765826?
1
What is the ten millions digit of 41009032?
4
What is the tens digit of 321339254?
5
What is the thousands digit of 133091052?
1
What is the hundred thousands digit of 23517903?
5
What is the ten thousands digit of 211717041?
1
What is the hundreds digit of 95842850?
8
What is the thousands digit of 15386497?
6
What is the hundred millions digit of 201354358?
2
What is the hundred thousands digit of 3900213441?
2
What is the hundreds digit of 89060378?
3
What is the thousands digit of 67087956?
7
What is the tens digit of 9740208?
0
What is the units digit of 2308298072?
2
What is the millions digit of 31426713?
1
What is the tens digit of 2505680?
8
What is the ten thousands digit of 1085184050?
8
What is the hundreds digit of 857861815?
8
What is the billions digit of 2297601122?
2
What is the thousands digit of 40149787?
9
What is the hundred thousands digit of 274551451?
5
What is the hundred thousands digit of 428393498?
3
What is the hundred millions digit of 4061436422?
0
What is the ten thousands digit of 19